)/16.
2
Let i be 103/7 - 4/(-14). Let o be ((-30)/(-9))/((-2)/(-3)). Suppose 0 = -5*d - t + i, -o*d - 3*t + 18 + 7 = 0. List the prime factors of d.
2
Suppose 0 = -3*z - 5*x + 16, 3*x - 12 = -5*z + 2*z. Suppose -21 = -z*u - u. List the prime factors of u.
7
Let u be 85*2/3*3. Let z = u - 86. What are the prime factors of (6/(-4))/((-6)/z)?
3, 7
Let i = 6 - 2. Suppose -4*t - 20 = -8*t. Suppose -3*l - t*s + 21 = 0, -6 = 3*l - i*s - 54. List the prime factors of l.
2, 3
Let i(n) = -n**3 + 10*n**2 - 5*n - 9. Let u be i(9). Let v = -15 + u. What are the prime factors of v?
2, 3
Let g(w) = -13*w + 16. List the prime factors of g(-10).
2, 73
Suppose -15*n + 345 = -10*n. What are the prime factors of n?
3, 23
Suppose 5*q + f - 109 = -0*f, -2*f = -2*q + 46. What are the prime factors of q?
2, 11
Let l be (2 + 21/(-12))*12. Suppose -l = -s + 4. What are the prime factors of s?
7
Let p = 4 + -1. Suppose 5 - 17 = -p*a. Suppose a*o = -o + 35. List the prime factors of o.
7
Let l = 15 - 11. Let n(t) = -5*t**2 + 3*t + 2. Let p(i) = 6*i**2 - 3*i - 2. Let r(u) = -5*n(u) - 4*p(u). What are the prime factors of r(l)?
2
Let j = 576 - -32. What are the prime factors of 4/3 - j/(-12)?
2, 13
Let c = -28 - -41. What are the prime factors of c?
13
List the prime factors of 40/30 + 3516/9.
2, 7
Let q = -15 + 40. Let w = -16 + q. List the prime factors of w.
3
Suppose -1 + 9 = -2*p, 178 = 3*u - 4*p. What are the prime factors of u?
2, 3
Let y = 8 + -13. Let x = y - -7. Suppose -2*k + 3*f + 5 = x*f, 0 = -k + 4*f - 15. List the prime factors of k.
5
Let h be (-3 - (-1 + -2))/2. Suppose z = -h*z + 6. Suppose 3*f + 6 = 0, -5*r - z*f = -3*f - 44. What are the prime factors of r?
2, 5
Let a(l) = 144*l**3 + l**2. Let k be a(1). Suppose 0*m = 5*m - k. Suppose 9 = -4*v + m. What are the prime factors of v?
5
Let q = -164 + 411. List the prime factors of q.
13, 19
Let d(k) = -3*k + 5. Let b be d(-5). Let h = -12 + b. Suppose n + 0*n = h. What are the prime factors of n?
2
Let r = 280 + -174. List the prime factors of r.
2, 53
Let f = -25 - -68. What are the prime factors of f?
43
Let s = 8 + 27. Let i = 3 + -1. Suppose i*z - 3*z - 2*h = -16, 0 = 5*z + h - s. List the prime factors of z.
2, 3
What are the prime factors of 11*(-1 - -3) - -3?
5
Suppose 3*d + 5*b = 13, d + 2*d = 3*b + 21. Let j = -12 + d. What are the prime factors of (4/j)/(2/(-33))?
11
Let j = -251 + 423. List the prime factors of j.
2, 43
Suppose -2*a - o = 2*o + 2, -3*a + 8 = -o. Let u(h) = 3*h - 1. What are the prime factors of u(a)?
5
Suppose -2*m = -2*z - 27 - 31, z = 5. Suppose 32 = 3*h - m. What are the prime factors of h?
2, 11
Let l = -133 - -227. List the prime factors of l.
2, 47
Let q(h) = -11*h - 57. What are the prime factors of q(-9)?
2, 3, 7
List the prime factors of (-9)/((-9)/64) + -4.
2, 3, 5
Let o(z) = z + 1. Let g be o(-1). Suppose -b = -1 - g. What are the prime factors of -5*(-1)/(0 + b)?
5
Let x = -82 + 126. List the prime factors of x.
2, 11
Let p(a) be the second derivative of a - 2*a**3 + 6*a**3 - 2*a**3. What are the prime factors of p(1)?
2, 3
Suppose -2*q - 112 = -4*o + 2*q, -41 = -2*o + 5*q. List the prime factors of o.
3, 11
Let o(t) = -t**3 - 9*t**2 - 4*t - 17. List the prime factors of o(-9).
19
Let p = -7 - -10. Let l = 11 - 8. Let j = p + l. List the prime factors of j.
2, 3
Let s(a) = -a**2 - a. Let h(r) = -4*r**2 - 4*r + 1. Let g(p) = 2*h(p) - 6*s(p). Let y be g(2). Let k = 16 + y. List the prime factors of k.
2, 3
Let n = 43 + -15. List the prime factors of n.
2, 7
Suppose -a + 14 = -5*v + v, -v + 5 = 0. List the prime factors of a.
2, 17
Let y(i) = i**3 - i**2 - i. Suppose 3 = -2*k + 1. Let t be y(k). List the prime factors of (t - -1) + -2 + 8.
2, 3
Suppose -3*v + 2 = w, 3*v = -w - v - 3. Let o = w + -14. What are the prime factors of o?
3
Suppose -19 + 1 = -2*j. Let k(r) = 3*r + 5. List the prime factors of k(j).
2
Suppose 6*n - 12 = 2*n. Suppose 0 = x - 6 + n. List the prime factors of x.
3
Suppose 5*y + 20 + 105 = 0. Let w = y - -36. What are the prime factors of w?
11
Let j(y) = 2*y**2 - 7*y - 3. List the prime factors of j(6).
3
Suppose 0 = -2*u + h + 123, -3*h - 4 = -1. What are the prime factors of u?
61
Let o(p) = -7*p + 25. What are the prime factors of o(-13)?
2, 29
Let v be (3 - 44/8)*2. Let j(q) = -6*q - 8. What are the prime factors of j(v)?
2, 11
Suppose -2*c - 3*c + 2*a + 25 = 0, -3*a = 0. List the prime factors of c.
5
Suppose 216 = -8*u + 12*u. Let n = u + -24. List the prime factors of n.
2, 3, 5
Let w(t) = -1. Let q(r) = 17*r - 7. Let s(u) = q(u) - 6*w(u). What are the prime factors of s(1)?
2
Let l = 459 + -273. Suppose -4*c - 42 = -l. List the prime factors of c.
2, 3
Let k = 46 - 1. List the prime factors of k.
3, 5
Suppose 2*w = -3*w. Let h = w + 13. What are the prime factors of h?
13
Suppose -4*t - 23 = -5*t. List the prime factors of t.
23
Suppose 2*x - 44 = 24. What are the prime factors of x?
2, 17
Suppose -243 = -4*s + 145. What are the prime factors of s?
97
Let q(i) = i**2 - 3*i - 2. Let o be q(4). Suppose o*v + 9 = 5*v. Suppose 27 = 4*y - 5*f, v*f = 4*y - 5*y + 11. What are the prime factors of y?
2
Suppose -4*d + 2*z - 4*z - 16 = 0, 4*z = 3*d + 34. Let u = d + 10. What are the prime factors of u?
2
Let o(v) = 3*v + 1. Let x(w) = -3*w - 1. Let m(n) = -3*o(n) - 2*x(n). List the prime factors of m(-3).
2
Let h(b) = b + 11. Let q be h(-8). Suppose -67 = -q*z + 26. List the prime factors of z.
31
Let a(p) = 2*p - 10. Let b be a(8). Let h(t) = t**2 - 6*t. Let k be h(b). Let f = k - -14. List the prime factors of f.
2, 7
Let h be ((-2)/6)/((-4)/24). Suppose h*k = -v - k + 15, -3 = -3*k. Suppose v = 3*u - 6. What are the prime factors of u?
2, 3
Let a be 0/1 + 5*4. Suppose m + a = 3*m. List the prime factors of m.
2, 5
Let u(d) = -d**3 - 2*d**2 - 2*d - 1. Suppose 0 = 2*t - y + 4, -4*t - 2*y + 0 - 8 = 0. Let k be u(t). List the prime factors of 20 + (k - 3 - 2).
2, 3
Let g(m) = m**2 - 10*m + 1. Let t be g(13). Let y = t + -15. List the prime factors of y.
5
Let h = 703 + -407. List the prime factors of h.
2, 37
Let h = 6 + -4. Suppose 5*x + 78 = h*b, 3*b + 4*x - 128 = -b. List the prime factors of b.
2, 17
Let h(n) = n + 2. Let t be h(-2). Suppose q + 0*q + 32 = t. Let c = 45 + q. List the prime factors of c.
13
Let o be -1 + 1 + 1 + 2. Suppose 0 = -r - o*r - t + 13, 4*r - 7 = -3*t. Suppose 5*w = -0*h + 2*h - 52, 4*w = r*h - 80. What are the prime factors of h?
2
Suppose s - 21 = -2*s. Suppose 3*d - x + 4 = 22, 2*d + x = s. Suppose 12 = -2*z - 4*y, -4*z + 31 = -d*y - 10. List the prime factors of z.
2
Suppose 2*l = -l - 9. Let r = l - -9. List the prime factors of (r + -9)*(-32)/6.
2
Let t(c) = -6*c - 1. Let z be t(1). Let j be (-2)/8 + (-10)/(-8). Let n = j - z. What are the prime factors of n?
2
Let a(r) = -27*r - 50. What are the prime factors of a(-13)?
7, 43
Suppose 6*q = -236 + 806. What are the prime factors of q?
5, 19
Let r(h) = -2*h. Let f be r(-2). Suppose f*p + 12 = 8*p. Suppose 5*i = p*i + 10. List the prime factors of i.
5
Let n(h) = -h - 4. Let l be n(-7). Suppose -l*o = -s + 66, -4*o - 8 = -2*o. What are the prime factors of s?
2, 3
Let k be 8*((-2)/2)/1. Let a be k/((-1)/(0 + 3)). Let c = a + -14. What are the prime factors of c?
2, 5
Let r(y) = y**3 - 9*y**2 + 3*y - 10. List the prime factors of r(9).
17
Let x(n) = 3 + 0 + 2 - 12*n - 6. What are the prime factors of x(-2)?
23
Let t(k) = k**3 + k - 4*k**3 - 2 + 2*k**2 + 5*k**3 + 1. Let p be t(2). Suppose 0 = 5*m - p - 0. What are the prime factors of m?
5
Let g(d) = 11*d - 7. List the prime factors of g(3).
2, 13
Let o = 52 - -21. Let u be (o + 1)/2 - -2. List the prime factors of (-6)/(-24) - u/(-4).
2, 5
Let o(d) = 2*d**2 + 9*d + 3. What are the prime factors of o(-8)?
59
Let h(c) = -39*c - 3. Let x be h(-2). Suppose -2*d = d - x. Suppose 4*v - d + 1 = 0. What are the prime factors of v?
2, 3
Let t(n) = n**3 + n**2 + n. Suppose -4 = -5*z + 3*z. List the prime factors of t(z).
2, 7
Suppose 3*v - 5*i = -v + 41, 37 = 3*v - 5*i. Suppose -k + v = 3*k. Let m(c) = 9*c**2 - 2*c + 1. What are the prime factors of m(k)?
2
Let j = -10 - -17. Let l(u) = 3*u**2 + 1. Let c be l(1). Suppose 2*k + c*x - 34 = 0, 5*x - j - 41 = -3*k. What are the prime factors of k?
11
Suppose -5*r + 20 = 5*x, x